{"id":591,"date":"2024-12-11T09:04:12","date_gmt":"2024-12-11T09:04:12","guid":{"rendered":"http:\/\/zibimed.de\/?page_id=591"},"modified":"2024-12-11T10:12:04","modified_gmt":"2024-12-11T10:12:04","slug":"vertriebspartner-gesucht","status":"publish","type":"page","link":"http:\/\/zibimed.de\/index.php\/vertriebspartner-gesucht\/","title":{"rendered":"Vertriebspartner gesucht"},"content":{"rendered":"\n<div class=\"wp-block-group has-global-padding is-layout-constrained wp-container-core-group-is-layout-ea8482c2 wp-block-group-is-layout-constrained\" style=\"padding-top:var(--wp--preset--spacing--30);padding-right:0;padding-bottom:var(--wp--preset--spacing--30);padding-left:0\">\n<h1 class=\"wp-block-heading alignwide has-text-align-center\"><strong>Vertriebspartner gesucht<\/strong><\/h1>\n\n\n\n<div style=\"height:37px\" aria-hidden=\"true\" class=\"wp-block-spacer\"><\/div>\n\n\n\n<figure class=\"wp-block-image alignright size-full is-resized has-custom-border\"><img loading=\"lazy\" decoding=\"async\" width=\"1024\" height=\"1024\" src=\"http:\/\/zibimed.de\/wp-content\/uploads\/2024\/12\/LogoVertriebspartner.webp\" alt=\"\" class=\"wp-image-596\" style=\"border-width:10px;border-radius:10px;width:191px\" srcset=\"http:\/\/zibimed.de\/wp-content\/uploads\/2024\/12\/LogoVertriebspartner.webp 1024w, http:\/\/zibimed.de\/wp-content\/uploads\/2024\/12\/LogoVertriebspartner-300x300.webp 300w, http:\/\/zibimed.de\/wp-content\/uploads\/2024\/12\/LogoVertriebspartner-150x150.webp 150w, http:\/\/zibimed.de\/wp-content\/uploads\/2024\/12\/LogoVertriebspartner-768x768.webp 768w\" sizes=\"auto, (max-width: 1024px) 100vw, 1024px\" \/><\/figure>\n\n\n\n<p>Die ZIBImed GmbH ist Hersteller des SIRA PACS- und RIS Servers. F\u00fcr den Vertrieb suchen wir Partner. Ideal sind f\u00fcr uns Vertriebspartner, welche bereits Erfahrungen in der Medizin-EDV haben und Kenntnisse \u00fcber DICOM und HL7 besitzen.<\/p>\n\n\n\n<p>Unser Produkte lassen sich hochgradig individualisieren. Gerne passen wir das Design und Layout ihren W\u00fcnschen an. Erg\u00e4nzen Sie ihr Portfolio durch eine leistungsf\u00e4higen OEM-Version des PACS- und RIS-Servers!<\/p>\n\n\n\n<p>Unser Hauptprodukt hat folgende Vorteile:<\/p>\n\n\n\n<ul class=\"wp-block-list\">\n<li>Kombinierter PACS- und RIS-Server<\/li>\n\n\n\n<li>Software und Hardware bilden ein Produkt &#8211; kein Installationsaufwand und sehr schnelle Einrichtung<\/li>\n\n\n\n<li>Mit Webanwendung und REST-Schnittstelle<\/li>\n\n\n\n<li>Verwaltung von bis zu 500.000 Patienten, einschlie\u00dflich ihrer Bilddaten<\/li>\n\n\n\n<li>Einfaches Einf\u00fcgen in bestehende IT-Systeme (KIS und RIS) dank HL7-Schnittstellen<\/li>\n\n\n\n<li>Ausschlie\u00dflich etablierte Standards<\/li>\n\n\n\n<li>Sehr konkurrenzf\u00e4hige Preisgestaltung<\/li>\n<\/ul>\n\n\n\n<p>Zielgruppen:<\/p>\n\n\n\n<ul class=\"wp-block-list\">\n<li>Kliniken und Krankenh\u00e4user<\/li>\n\n\n\n<li>Radiologische Praxen<\/li>\n\n\n\n<li>Gemeinschaftspraxen mit digitalen Bildgebern (Ultraschall, CT, &#8230;)<\/li>\n\n\n\n<li>Zahn\u00e4rzte<\/li>\n<\/ul>\n\n\n\n<p>Wir bieten:<\/p>\n\n\n\n<ul class=\"wp-block-list\">\n<li>Partnerfreundliches Vertriebskonzept mit fachlicher Unterst\u00fctzung<\/li>\n\n\n\n<li>Produktschulungen<\/li>\n\n\n\n<li>Kostenlose Unterst\u00fctzung bei ersten Projekten vor Ort durch einen unserer Mitarbeiter<\/li>\n\n\n\n<li>Interessante Konditionen<\/li>\n\n\n\n<li>Generieren Sie zus\u00e4tzliche Gewinne durch Customizing, Schulungen und Projektdienstleistungen.<\/li>\n<\/ul>\n\n\n\n<p><strong><a href=\"http:\/\/zibimed.de\/index.php\/unterstuetzung\/\" data-type=\"page\" data-id=\"74\">Kontaktieren Sie uns<\/a><\/strong> \u2013 wir freuen uns auf eine zuk\u00fcnftige Zusammenarbeit!<\/p>\n<\/div>\n","protected":false},"excerpt":{"rendered":"<p>Vertriebspartner gesucht Die ZIBImed GmbH ist Hersteller des SIRA PACS- und RIS Servers. F\u00fcr den Vertrieb suchen wir Partner. Ideal sind f\u00fcr uns Vertriebspartner, welche bereits Erfahrungen in der Medizin-EDV haben und Kenntnisse \u00fcber DICOM und HL7 besitzen. Unser Produkte lassen sich hochgradig individualisieren. Gerne passen wir das Design und Layout ihren W\u00fcnschen an. Erg\u00e4nzen [&hellip;]<\/p>\n","protected":false},"author":1,"featured_media":0,"parent":0,"menu_order":0,"comment_status":"closed","ping_status":"closed","template":"page-no-title","meta":{"footnotes":""},"class_list":["post-591","page","type-page","status-publish","hentry"],"_links":{"self":[{"href":"http:\/\/zibimed.de\/index.php\/wp-json\/wp\/v2\/pages\/591","targetHints":{"allow":["GET"]}}],"collection":[{"href":"http:\/\/zibimed.de\/index.php\/wp-json\/wp\/v2\/pages"}],"about":[{"href":"http:\/\/zibimed.de\/index.php\/wp-json\/wp\/v2\/types\/page"}],"author":[{"embeddable":true,"href":"http:\/\/zibimed.de\/index.php\/wp-json\/wp\/v2\/users\/1"}],"replies":[{"embeddable":true,"href":"http:\/\/zibimed.de\/index.php\/wp-json\/wp\/v2\/comments?post=591"}],"version-history":[{"count":14,"href":"http:\/\/zibimed.de\/index.php\/wp-json\/wp\/v2\/pages\/591\/revisions"}],"predecessor-version":[{"id":619,"href":"http:\/\/zibimed.de\/index.php\/wp-json\/wp\/v2\/pages\/591\/revisions\/619"}],"wp:attachment":[{"href":"http:\/\/zibimed.de\/index.php\/wp-json\/wp\/v2\/media?parent=591"}],"curies":[{"name":"wp","href":"https:\/\/api.w.org\/{rel}","templated":true}]}}